) in base 7?
0
-10 (base 13) to base 14
-d
Convert 4 (base 14) to base 7.
4
Convert 0 (base 16) to base 10.
0
Convert 13 (base 5) to base 9.
8
Convert 13 (base 8) to base 14.
b
What is 132 (base 14) in base 13?
156
What is 172 (base 10) in base 8?
254
What is -13 (base 5) in base 14?
-8
-11200 (base 3) to base 10
-126
What is 3 (base 12) in base 3?
10
Convert -5 (base 16) to base 4.
-11
7 (base 14) to base 15
7
Convert -3 (base 9) to base 8.
-3
12 (base 5) to base 12
7
Convert 13 (base 9) to base 11.
11
-d2 (base 15) to base 16
-c5
What is 516 (base 9) in base 7?
1140
2 (base 6) to base 13
2
Convert 16 (base 14) to base 11.
19
Convert 10 (base 6) to base 8.
6
What is -10011 (base 2) in base 10?
-19
-16 (base 8) to base 16
-e
What is 65 (base 8) in base 2?
110101
-111202 (base 3) to base 14
-1c7
-27 (base 11) to base 7
-41
-6 (base 10) to base 11
-6
What is -12 (base 7) in base 15?
-9
44 (base 9) to base 4
220
-a (base 16) to base 6
-14
Convert -344 (base 6) to base 13.
-a6
Convert 12 (base 8) to base 4.
22
What is 24 (base 6) in base 15?
11
What is 0 (base 7) in base 4?
0
Convert -5 (base 12) to base 14.
-5
Convert -156 (base 15) to base 8.
-462
What is 9 (base 15) in base 4?
21
b (base 15) to base 5
21
22 (base 11) to base 13
1b
What is 4 (base 15) in base 6?
4
What is -1 (base 10) in base 12?
-1
What is 166 (base 7) in base 12?
81
What is 5 (base 13) in base 9?
5
Convert 116 (base 10) to base 6.
312
What is -5 (base 8) in base 15?
-5
Convert e (base 15) to base 12.
12
Convert -1 (base 9) to base 4.
-1
1a (base 13) to base 4
113
-11 (base 4) to base 16
-5
Convert -b (base 12) to base 6.
-15
220 (base 3) to base 7
33
Convert -1b (base 13) to base 7.
-33
-1 (base 3) to base 10
-1
What is -7 (base 10) in base 9?
-7
-2 (base 13) to base 12
-2
What is 10 (base 5) in base 13?
5
What is -48 (base 15) in base 10?
-68
Convert -20 (base 12) to base 16.
-18
What is -7 (base 8) in base 13?
-7
Convert 61 (base 9) to base 10.
55
Convert 2 (base 16) to base 14.
2
Convert -22 (base 7) to base 5.
-31
Convert -3 (base 6) to base 8.
-3
What is 131 (base 11) in base 14?
b1
What is -3 (base 7) in base 10?
-3
What is -3 (base 13) in base 4?
-3
What is 163 (base 7) in base 2?
1011110
Convert 123 (base 12) to base 7.
333
Convert 1100100 (base 2) to base 4.
1210
What is 11 (base 3) in base 11?
4
What is -1000 (base 2) in base 11?
-8
-412 (base 5) to base 13
-83
Convert 11 (base 3) to base 7.
4
Convert -12 (base 13) to base 11.
-14
Convert -10 (base 11) to base 3.
-102
1002 (base 4) to base 8
102
Convert 4 (base 6) to base 12.
4
-15 (base 12) to base 8
-21
What is 5 (base 13) in base 4?
11
20 (base 11) to base 10
22
What is -1 (base 13) in base 9?
-1
Convert 0 (base 14) to base 11.
0
Convert 57 (base 8) to base 5.
142
Convert -64 (base 8) to base 6.
-124
-2 (base 12) to base 5
-2
Convert -3 (base 8) to base 7.
-3
Convert -1021 (base 3) to base 5.
-114
Convert 15 (base 16) to base 9.
23
What is -c (base 14) in base 11?
-11
Convert 3 (base 14) to base 16.
3
Convert 3 (base 12) to base 8.
3
Convert -9 (base 10) to base 5.
-14
Convert 22 (base 4) to base 3.
101
Convert -21 (base 11) to base 9.
-25
-2 (base 6) to base 5
-2
Convert -5 (base 7) to base 8.
-5
-52 (base 12) to base 2
-111110
-11101100 (base 2) to base 15
-10b
Convert 44 (base 5) to base 2.
11000
Convert -1 (base 2) to base 11.
-1
2 (base 4) to base 5
2
-11 (base 2) to base 3
-10
What is -620 (base 7) in base 16?
-134
What is 3b (base 14) in base 4?
311
Convert 11100110 (base 2) to base 13.
149
What is 1 (base 9) in base 3?
1
What is 5 (base 12) in base 9?
5
What is 4 (base 7) in base 16?
4
1001 (base 3) to base 12
24
What is 31 (base 7) in base 4?
112
-20211 (base 3) to base 5
-1214
2 (base 12) to base 15
2
What is 111 (base 3) in base 2?
1101
What is -43 (base 5) in base 11?
-21
What is -6 (base 12) in base 16?
-6
115 (base 7) to base 15
41
-4 (base 5) to base 13
-4
What is 8 (base 15) in base 6?
12
Convert 413 (base 7) to base 6.
542
Convert -73 (base 9) to base 5.
-231
Convert 22 (base 4) to base 7.
13
What is 53 (base 14) in base 4?
1021
Convert 11 (base 11) to base 4.
30
1 (base 3) to base 12
1
Convert 3 (base 14) to base 11.
3
7a (base 12) to base 9
114
Convert -3 (base 9) to base 4.
-3
What is 9 (base 11) in base 7?
12
Convert -2b (base 14) to base 5.
-124
-10 (base 4) to base 7
-4
0 (base 16) to base 7
0
What is -a8 (base 13) in base 12?
-b6
Convert -26 (base 8) to base 12.
-1a
50 (base 10) to base 12
42
What is -2231 (base 4) in base 16?
-ad
What is -22 (base 3) in base 10?
-8
What is 124 (base 5) in base 16?
27
Convert -4 (base 9) to base 4.
-10
Convert -3 (base 8) to base 12.
-3
What is 3 (base 9) in base 4?
3
-11 (base 3) to base 2
-100
-337 (base 9) to base 13
-184
Convert 14 (base 14) to base 11.
17
Convert 23 (base 7) to base 5.
32
What is 111 (base 6) in base 8?
53
What is -4 (base 5) in base 14?
-4
What is -1 (base 8) in base 7?
-1
Convert -1 (base 6) to base 3.
-1
Convert -8 (base 13) to base 4.
-20
-13 (base 11) to base 3
-112
What is -3 (base 10) in base 3?
-10
What is -37 (base 9) in base 16?
-22
What is -5 (base 14) in base 13?
-5
Convert -2020 (base 3) to base 14.
-44
What is -1 (base 6) in base 8?
-1
6 (base 11) to base 9
6
Convert -11 (base 3) to base 16.
-4
-10 (base 3) to base 5
-3
Convert -30 (base 6) to base 2.
-10010
-c (base 16) to base 9
-13
-1000111 (base 2) to base 7
-131
What is 11 (base 6) in base 16?
7
161 (base 13) to base 16
f8
2 (base 12) to base 7
2
-6 (base 7) to base 5
-11
Convert -5 (base 6) to base 8.
-5
What is 251 (base 9) in base 8?
320
What is 4 (base 6) in base 13?
4
Convert -1100 (base 3) to base 10.
-36
5 (base 15) to base 2
101
-6 (base 16) to base 15
-6
What is -121 (base 5) in base 15?
-26
What is 2 (base 9) in base 6?
2
-1 (base 9) to base 3
-1
3 (base 7) to base 10
3
What is -80 (base 9) in base 12?
-60
2 (base 6) to base 14
2
1 (base 14) to base 3
1
-1 (base 2) to base 3
-1
-5 (base 8) to base 16
-5
What is 32 (base 5) in base 6?
25
Convert -201 (base 4) to base 7.
-45
4 (base 14) to base 11
4
Convert -c (base 14) to base 12.
-10
5 (base 7) to base 16
5
213 (base 5) to base 14
42
5 (base 6) to base 15
5
Convert -1 (base 16) to base 8.
-1
-2 (base 3) to base 5
-2
What is -1212 (base 5) in base 8?
-266
Convert -ab (base 15) to base 10.
-161
-10011 (base 2) to base 9
-21
What is -1403 (base 5) in base 13?
-147
Convert -22 (base 15) to base 3.
-1012
-19 (base 10) to base 9
-21
What is 11 (base 3) in base 5?
4
2 (base 12) to base 15
2
Convert -14 (base 12) to base 5.
-31
Convert -11 (base 7) to base 6.
-12
What is 10 (base 3) in base 6?
3
Convert -7 (base 8) to base 5.
-12
Convert -222 (base 10) to base 6.
-1010
What is -71 (base 15) in base 13?
-82
-26 (base 14) to base 13
-28
What is -97 (base 11) in base 5?
-411
-3 (base 7) to base 4
-3
101100010 (base 2) to base 11
2a2
-11 (base 4) to base 6
-5
154 (base 7) to base 13
6a
Convert -13 (base 6) to base 9.
-10
What is 27 (base 11) in base 4?
131
What is -10 (base 11) in base 3?
-102
Convert 0 (base 3) to base 4.
0
Convert 2 (base 6) to base 4.
2
4 (base 9) to base 16
4
Convert 4 (base 7) to base 4.
10
What is 5 (base 6) in base 16?
5
-3102 (base 4) to base 12
-156
5c (base 13) to base 6
205
302 (base 9) to base 8
365
Convert 2 (base 4) to base 3.
2
What is 1020 (base 6) in base 10?
228
What is 11 (base 9) in base 6?
14
What is 3 (base 6) in base 12?
3
Convert -45 (base 8) to base 7.
-52
Convert -48 (base 11) to base 2.
-110100
Convert 4 (base 10) to base 14.
4
4 (base 10) to base 12
4
What is -4 (base 8) in base 15?
-4
56 (base 7) to base 16
29
What is 10 (base 4) in base 15?
4
Convert -110 (base 3) to base 13.
-c
3 (base 4) to base 3
10
Convert 2 (base 16) to base 6.
2
What is -5 (base 6) in base 2?
-101
29 (base 11) to base 5
111
What is 13 (base 5) in base 7?
11
What is 0 (base 6) in base 11?
0
What is 10 (base 5) in base 13?
5
55 (base 15) to base 11
73
What is -25 (base 14) in base 8?
-41
6 (base 16) to base 5
11
-21 (base 7) to base 12
-13
11 (base 9) to base 15
a
-3 (base 7) to base 10
-3
43 (base 7) to base 9
34
Convert -10 (base 15) to base 11.
-14
Convert 20 (base 8) to base 6.
24
Convert -41 (base 6) to base 9.
-27
Convert 184 (base 13) to base 15.
137
What is 11 (base 3) in base 7?
4
What is